e
Is 646621 a multiple of 10?
False
Is 5554650 a multiple of 50?
True
Is 1908640 a multiple of 79?
True
Does 58 divide 2274992?
True
Is 3 a factor of 55062?
True
Is 304 a factor of 569392?
True
Is 361 a factor of 662796?
True
Is 913752 a multiple of 42?
True
Does 26 divide 55978?
True
Does 56 divide 86968?
True
Is 9642275 a multiple of 20?
False
Does 21 divide 471611?
False
Is 4654975 a multiple of 65?
True
Is 89 a factor of 16488674?
True
Is 619948 a multiple of 98?
True
Is 258796 a multiple of 23?
True
Does 29 divide 948206?
False
Does 1684 divide 1483604?
True
Is 8832 a multiple of 24?
True
Is 176220 a multiple of 132?
True
Does 18 divide 1170784?
False
Is 82 a factor of 41781?
False
Does 37 divide 3791922?
False
Is 18140 a multiple of 178?
False
Is 10 a factor of 117420?
True
Is 225580 a multiple of 20?
True
Does 90 divide 1060469?
False
Is 2063331 a multiple of 71?
True
Does 41 divide 156702?
True
Is 143899 a multiple of 36?
False
Does 152 divide 951648?
False
Does 184 divide 9247104?
True
Is 947 a factor of 826949?
False
Is 35 a factor of 670180?
True
Is 72762 a multiple of 506?
False
Is 200262 a multiple of 101?
False
Is 20 a factor of 560322?
False
Is 593 a factor of 11910405?
True
Is 249 a factor of 1733745?
False
Is 34 a factor of 707467?
False
Is 153 a factor of 222942?
False
Is 22 a factor of 4855796?
True
Is 183 a factor of 597709?
False
Does 691 divide 1167738?
False
Is 8324896 a multiple of 46?
True
Is 14 a factor of 5294714?
False
Does 27 divide 143186?
False
Is 6 a factor of 48996?
True
Does 142 divide 1471972?
True
Is 7 a factor of 7491?
False
Is 54 a factor of 66798?
True
Is 110 a factor of 10526515?
False
Does 33 divide 2067464?
False
Does 180 divide 2106720?
True
Does 299 divide 13532555?
False
Is 5975913 a multiple of 28?
False
Is 104 a factor of 5431920?
True
Does 3 divide 334164?
True
Is 2990464 a multiple of 244?
True
Does 1050 divide 138947?
False
Does 72 divide 496814?
False
Is 3283526 a multiple of 30?
False
Is 4264848 a multiple of 9?
True
Is 974960 a multiple of 20?
True
Is 310191 even?
False
Is 188336 a multiple of 11?
False
Does 6 divide 223068?
True
Is 412411 a multiple of 2?
False
Is 14 a factor of 17551464?
True
Is 47575 a multiple of 43?
False
Does 36 divide 1250403?
False
Does 635 divide 18508980?
True
Does 91 divide 132951?
True
Is 32 a factor of 62112?
True
Does 17 divide 14936414?
False
Is 9500036 a multiple of 182?
True
Is 66729 a multiple of 29?
True
Is 52680 a multiple of 130?
False
Is 15 a factor of 2610000?
True
Is 443 a factor of 100342?
False
Does 27 divide 186813?
True
Is 12089 a multiple of 23?
False
Does 586 divide 4420822?
False
Does 8 divide 116063?
False
Is 6 a factor of 8336698?
False
Is 4 a factor of 60484?
True
Does 140 divide 9708860?
True
Is 32 a factor of 233892?
False
Is 433927 a multiple of 20?
False
Is 144235 a multiple of 7?
True
Is 149805 a multiple of 58?
False
Does 553 divide 796785?
False
Is 40027 a multiple of 13?
True
Does 38 divide 164680?
False
Is 19741602 a multiple of 84?
False
Is 74338 a multiple of 53?
False
Is 5 a factor of 232473?
False
Is 106 a factor of 515660?
False
Is 12 a factor of 3527364?
True
Does 3 divide 1264217?
False
Does 270 divide 8782223?
False
Is 814672 a multiple of 171?
False
Is 3745280 a multiple of 19?
True
Is 225648 a multiple of 171?
False
Is 1951524 a multiple of 18?
True
Is 1098634 a multiple of 2?
True
Does 58 divide 21809?
False
Does 67 divide 35510?
True
Does 319 divide 7098069?
True
Does 5 divide 80925?
True
Does 29 divide 25200791?
False
Is 4548676 a multiple of 209?
True
Is 20 a factor of 56120?
True
Does 76 divide 22653244?
True
Is 3527929 a multiple of 290?
False
Is 129851 a multiple of 99?
False
Is 1696522 a multiple of 9?
False
Does 110 divide 2992220?
True
Is 109678 a multiple of 25?
False
Does 9 divide 10390655?
False
Is 71 a factor of 242110?
True
Is 8158 a multiple of 8?
False
Is 23 a factor of 147890?
True
Is 8 a factor of 510310?
False
Is 1166006 a multiple of 179?
True
Is 329500 a multiple of 116?
False
Is 1141 a factor of 15433166?
True
Is 27 a factor of 1918647?
True
Is 29 a factor of 428432?
False
Does 227 divide 2030649?
False
Does 37 divide 418340?
False
Does 2 divide 21286?
True
Does 20 divide 558530?
False
Does 168 divide 214129?
False
Is 7924645 a multiple of 259?
False
Is 892262 a multiple of 17?
True
Is 152 a factor of 174192?
True
Does 54 divide 212082?
False
Is 21 a factor of 67204?
False
Is 1389687 a multiple of 13?
True
Does 13 divide 406126?
False
Does 103 divide 1478445?
False
Does 89 divide 22610?
False
Is 18811 a multiple of 4?
False
Is 2616 a factor of 5182296?
True
Is 356785 a multiple of 18?
False
Is 332 a factor of 1693532?
True
Is 9 a factor of 850303?
False
Is 142595 even?
False
Is 48 a factor of 892416?
True
Does 307 divide 4189803?
False
Is 428832 a multiple of 12?
True
Is 219603 even?
False
Is 189675 a multiple of 25?
True
Does 748 divide 976592?
False
Does 665 divide 2619856?
False
Is 216 a factor of 2845368?
True
Is 633 a factor of 225990?
False
Is 904639 a multiple of 514?
False
Does 141 divide 753267?
False
Does 98 divide 4037?
False
Is 190914 a multiple of 47?
True
Does 1126 divide 8997727?
False
Is 105 a factor of 105210?
True
Is 4914547 a multiple of 14?
False
Is 118259 a multiple of 35?
False
Is 430366 a multiple of 527?
False
Is 12 a factor of 745096?
False
Is 8273085 a multiple of 257?
False
Is 1414 a factor of 16343463?
False
Is 444149 a multiple of 503?
True
Is 377 a factor of 157209?
True
Does 6 divide 13703921?
False
Does 17 divide 3311107?
True
Is 9 a factor of 41031?
True
Does 155 divide 170965?
True
Does 27 divide 510103?
False
Does 283 divide 961647?
False
Does 83 divide 208583?
False
Is 637619 a multiple of 10?
False
Is 148344 a multiple of 28?
True
Is 181 a factor of 20634?
True
Is 9717474 a multiple of 13?
True
Is 66162 a multiple of 147?
False
Is 8886112 a multiple of 173?
False
Is 5515160 a multiple of 15?
False
Does 3 divide 1740198?
True
Is 283 a factor of 171215?
True
Is 831 a factor of 10063737?
False
Is 274990 a multiple of 8?
False
Is 3848998 a multiple of 41?
True
Does 69 divide 556899?
True
Is 1604051 a multiple of 163?
False
Does 23 divide 2044677?
True
Is 1552597 a multiple of 95?
False
Does 25 divide 457796?
False
Is 150 a factor of 32850?
True
Is 15 a factor of 1088670?
True
Does 21 divide 27852?
False
Does 2 divide 20816?
True
Is 14 a factor of 2997036?
True
Does 72 divide 18095?
False
Is 16 a factor of 749984?
True
Is 47 a factor of 404370?
False
Is 144986 a multiple of 2?
True
Is 1217 a factor of 16025872?
False
Is 101 a factor of 14746?
True
Does 20 divide 1199249?
False
Does 6 divide 200820?
True
Is 5 a factor of 949172?
False
Does 43 divide 47586?
False
Does 11 divide 37367?
True
Is 166144 a multiple of 23?
False
Does 78 divide 419573?
False
Is 6 a factor of 6895383?
False
Is 95210 a multiple of 2?
True
Is 528476 a multiple of 26?
True
Does 10 divide 12405950?
True
Is 178 a factor of 704961?
False
Is 17729 a multiple of 42?
False
Is 271 a factor of 1214163?
False
Is 139 a factor of 182090?
True
Is 257204 a multiple of 167?
False
Is 186329 a multiple of 113?
False
Is 802760 a multiple of 28?
True
Is 134 a factor of 3579944?
True
Is 116451 a multiple of 335?
False
Is 163 a factor of 2445?
True
Is 7931866 a multiple of 149?
True
Is 558861 a multiple of 496?
False
Does 31 divide 1236218?
True
Does 454 divide 1161154?
False
Does 3 divide 473267?
False
Does 2 divide 645549?
False
Is 1228890 a multiple of 138?
True
Is 4381 a multiple of 18?
False
Is 247 a factor of 1677624?
True
Is 15 a factor of 3570382?
False
Is 1150276 a multiple of 23?
True
Is 23 a factor of 1704691?
True
Does 44 divide 172825?
False
Is 621 a factor of 166530?
False
Is 6 a factor of 197124?
True
Is 31 a factor of 986988?
False
Does 26 divide 566306?
True
Is 252 a factor of 267754?
False
Is 7866647 a multiple of 46?
False
Does 142 divide 646442?
False
Is 250 a factor of 292500?
True
Is 95808 a multiple of 8?
True
Does 217 divide 212175?
False
Is 23 a factor of 15893?
True
Is 114888 a multiple of 8?
True
Is 1026302 even?
True
Is 48992 a multiple of 3?
False
Is 798 a factor of 213864?
True
Does 34 divide 107984?
True
Does 8 divide 557208?
True
Does 4 divide 113476?
True
Is 122544 a multiple of 2